3 + 6*n**2 - 5*n - 4. Let k(q) = q - 11. Let w be k(15). Suppose -w*u - 24 = -0*u. List the prime factors of y(u).
2, 13
Suppose -9*y = 5*i - 5*y - 8178, -4*y = -3*i + 4926. List the prime factors of i.
2, 3, 7, 13
Let y(u) = -u**2 + 4*u - 3. Let m be y(3). Suppose -2*r + m*x = 4*x - 92, 4*r - 214 = -2*x. Suppose -2*q + 4*q - r = 0. List the prime factors of q.
2, 7
Suppose -155*z + 47796 = -127*z. What are the prime factors of z?
3, 569
Let v(q) = -q + 18*q**2 + 2 - 21*q**2 - 3*q. Let l be v(-2). What are the prime factors of -62*l/(-8)*-2?
31
Suppose 4*z = 2*k + 306, -2*z + 455 = -3*k + 3*z. Let f = k - -209. List the prime factors of f.
2
Let u = 9 + 11. Suppose 5*b + 5 = u. Suppose -72 + 186 = b*m. What are the prime factors of m?
2, 19
Suppose 2*y + 2*q - 4 = 0, 2*y - 2*q = 3*y - 5. Let i be 0 - y - (-5 - -2). Suppose -z + 2*l + 32 = 0, -3*z - i*l + 13 = -33. List the prime factors of z.
2, 11
Let b(w) = w**2 + 3*w - 16. What are the prime factors of b(13)?
2, 3
Let t(v) = 2*v + v - 7*v + 3*v + 39. Suppose 29*n = 31*n. What are the prime factors of t(n)?
3, 13
Let i = -891 + 1256. What are the prime factors of i?
5, 73
Let c = 9167 + -5470. List the prime factors of c.
3697
Let i = -17 + 591. List the prime factors of i.
2, 7, 41
Suppose -3*d = -29 - 10. Suppose 43 = 3*k + d. Suppose 2*c = 4*s - 3*c - 225, -k = 2*c. List the prime factors of s.
2, 5
Suppose -81 = -s - 4*v + 47, 3*s - 448 = 4*v. Let h = s + 96. What are the prime factors of h?
2, 3, 5
Let x(h) = 18*h + 9. Let t be x(12). Let o = t + -158. List the prime factors of o.
67
Suppose -2*k - 13 = -3, -4*y = -4*k - 7284. List the prime factors of y.
2, 227
Suppose 0 = 2*a + 21*j - 18*j - 1602, -2*a + j + 1594 = 0. List the prime factors of a.
2, 3, 7, 19
List the prime factors of 0*6/(9 - -3) - -283.
283
Suppose k + 66 = 320. What are the prime factors of k?
2, 127
Let m = -38 - 4. Let v = 13 - m. Suppose -g = -v + 9. List the prime factors of g.
2, 23
Let m(i) = 21*i**2 - 3*i - 2. What are the prime factors of m(10)?
2, 11, 47
Let p be ((-2)/3)/((-4)/30) + 0. What are the prime factors of ((-6)/p)/((-12)/1140)?
2, 3, 19
Let w = 165 + -83. Suppose 10*x = 788 + w. What are the prime factors of x?
3, 29
Suppose -145 = -s + 3*h, -3*s + h - 6*h + 393 = 0. Let b = -69 + s. What are the prime factors of b?
67
Suppose 5*u + 5*c - 15 = 0, 0*u + 18 = u - 4*c. Let j = u + 26. Suppose o + 43 = 3*y, 3*y + y = -5*o + j. What are the prime factors of y?
13
Let y be (9/2)/(-3*1/(-4)). List the prime factors of (-1084)/(-12) + (-2)/y.
2, 3, 5
Let q = -22 + -3. List the prime factors of (-92)/(5/(q/10)).
2, 23
Suppose -10*i + 5*i + 15 = 0. Suppose 0 = -i*b + b. What are the prime factors of (b - -29)/(3/6)?
2, 29
Suppose 59*a = 51*a + 12768. What are the prime factors of a?
2, 3, 7, 19
Let x(s) = s + 8. Let q be x(-18). What are the prime factors of 4/q - (3 + (-4704)/35)?
131
Let q = -12 - -15. Let g(b) = -3 + 0*b + q*b - b. What are the prime factors of g(3)?
3
Let i(s) = 6*s**2 - s + 1. Let t be i(1). Suppose -200 = -t*u + 2*u. List the prime factors of u.
2, 5
Suppose 39*w - 14*w = 775. List the prime factors of w.
31
Suppose 2*z = 10, 2*z = -0*k + k. Let t = 47 + k. List the prime factors of t.
3, 19
Suppose -o + 3*i = 8, -4*o + 5*i = -o + 8. Suppose -o*m = 2*m - 324. What are the prime factors of m?
2, 3
Suppose 9*u + 4 = 10*u. Suppose 7*k = u*k + 81. What are the prime factors of k?
3
Let j(u) = u**3 + 4*u**2 - u - 2. Let f be j(-4). Let n(w) = 44*w**2 - w - 1. What are the prime factors of n(f)?
173
Let f(g) be the second derivative of -7/6*g**3 + 5*g + 0 - 7/12*g**4 + 1/20*g**5 - 5/2*g**2. List the prime factors of f(8).
3
Let g = 1138 + -939. List the prime factors of g.
199
Suppose 0 = -5*r + r - 4. Let i be 52/(-16) - (-4)/16. List the prime factors of i*(62/(-6) - r).
2, 7
Suppose 1550 = 10*c - 9*c. List the prime factors of (-2)/4 + c/20.
7, 11
What are the prime factors of 9/12*51460/15?
31, 83
List the prime factors of ((-228)/(-9))/(1 - (-7)/(-9)).
2, 3, 19
Suppose -4*p - 9 = -1. Let o = 2 + p. Suppose -60 = -3*n - 5*v, 4*n - 8*n + 4*v + 112 = o. List the prime factors of n.
5
What are the prime factors of 90402/133 + 6/21?
2, 5, 17
Let x = -1020 + 2226. List the prime factors of x.
2, 3, 67
Suppose 24959 = 5*n - 2*j, 3*n - 3*j = -2*n + 24956. What are the prime factors of n?
4993
Let z be (-3)/12*21*-4. Suppose -18*t = -z*t. Suppose -v + 65 = 3*i, t = 2*i + v + 2*v - 48. What are the prime factors of i?
3, 7
Suppose -j - 6 = -0*j. Let y be j/(-7)*112/24. Suppose y*q + 4*n - 36 = 0, q - 4*n = -3*q + 44. List the prime factors of q.
2, 5
Suppose -2*l - 21 + 391 = 0. Let z = -37 - -62. Suppose -z = 5*f - l. What are the prime factors of f?
2
Suppose 0 = -n - 30 + 34. Suppose -n*b - 3*x + 110 = -214, -344 = -4*b + 2*x. List the prime factors of b.
2, 3, 7
Let c(f) = 13*f - 3. Let o = 11 + -6. Let m be c(o). Let p = m + -42. What are the prime factors of p?
2, 5
Let i(h) = 23*h + 20. Let m(l) = -l + 1. Let d(s) = -i(s) - m(s). What are the prime factors of d(-12)?
3
Suppose 7*b - 738 = 7025. What are the prime factors of b?
1109
Let f = -1200 + 2769. List the prime factors of f.
3, 523
Suppose -25 + 95 = 7*t. Suppose 0 = 13*q - t*q - 303. List the prime factors of q.
101
Let h be 230*3*20/50. Suppose -2*d + d = -5*o + h, 0 = 2*o + 4*d - 128. Let f = o + -21. List the prime factors of f.
5, 7
Suppose 4*t = -8, -k - k = 2*t - 4. Suppose 0*a + k*a - 12 = 0. List the prime factors of a.
3
Let l(i) = -6*i + 11. Let v be 1/(3/(-27)*3). What are the prime factors of l(v)?
29
Let s(m) = -19*m - 23. Let d be s(-6). Suppose 4*t = d + 101. What are the prime factors of t?
2, 3
List the prime factors of (4/6)/(8/60) - -233.
2, 7, 17
Let r(d) = d**3 + 10*d**2 + 7*d + 6. Let f be r(-5). Suppose -23*i + 19*i = -f. What are the prime factors of i?
2, 3
Let i = 433 - -241. List the prime factors of i.
2, 337
Let r(x) = -x**2 + 3*x - 11. Let b be r(3). List the prime factors of (-3)/33*-1707 + 2/b.
5, 31
Let a(q) = -q**3 - 8*q**2 + 8*q - 5. Suppose -2*u + 23 + 22 = -5*z, 4*z = -5*u - 36. What are the prime factors of a(z)?
2
Suppose -2*p - 18 = 2*k, 3*p - k + 27 = -2*p. Let o = p - -9. Let m = o + 6. List the prime factors of m.
3
Suppose n = -4*o + 2871 - 304, 2*n - 5199 = 5*o. What are the prime factors of n?
13, 199
Let x(y) = 17*y**3 + 3*y + 2. Let a be x(2). Suppose -6*k = -5*k - a. What are the prime factors of k?
2, 3
Let u = 66 + 501. Suppose y - 128 = -2*t, 3*t = -y + 5*y - u. What are the prime factors of y?
2, 3, 23
Suppose -9*v + 0 + 36 = 0. List the prime factors of v/8*2*-1*-159.
3, 53
Let f = -493 + 528. List the prime factors of f.
5, 7
Suppose 5*f - 4*f + 2*s = 1576, 2*f - 3145 = 3*s. Suppose -f - 1174 = -12*h. List the prime factors of h.
229
Let j(a) = -a**3 - 6*a**2 - 4*a - 22. List the prime factors of j(-7).
5, 11
Let o(k) = k - 1. Let m be o(1). Suppose -4*u = -n + 78, -3*u + 204 = 3*n - m*u. Suppose -6*p + p + n = 0. List the prime factors of p.
2, 7
Let j(f) = -f**3 + 7*f**2 - 7*f + 9. Let o be j(6). Suppose -q + 52 = 5*r, -2*q + 62 = -o*r - r. List the prime factors of q.
37
Let p = -176 + 264. Let x = -46 + p. What are the prime factors of x?
2, 3, 7
What are the prime factors of (3 - 0)/(2 + (-254)/130)?
5, 13
Let w(k) = -k**3 - 4*k**2 - 6*k - 16. Let m be (2/(-2)*(-5 + -2))/(-1). List the prime factors of w(m).
173
Suppose 5*y = 2*i - i - 349, 0 = -3*y - 15. Let n = i + -212. List the prime factors of n.
2, 7
Suppose -16*q + 48*q = 68224. What are the prime factors of q?
2, 13, 41
Let o be (1 - (-2)/2) + 2. Suppose 4*i - 38 = -42. What are the prime factors of (i + -3)/((-8)/o)?
2
Suppose -4*s - 4*w + 9*w + 2187 = 0, s + w = 558. What are the prime factors of s?
7, 79
Let v = -7550 + 2374. List the prime factors of (-1)/(-7) + v/(-28).
5, 37
Let w(z) = -1170*z + 9. List the prime factors of w(-1).
3, 131
Let g(b) = -28*b**2 - 2*b - 1. Let c be g(-1). Let h = 31 + c. Suppose -4*o + h*z = -164, 0*z - 176 = -4*o - 2*z. What are the prime factors of o?
43
Let j(h) = 4*h + 16 + 3 + 5*h - 1. What are the prime factors of j(8)?
2, 3, 5
Let t = -22 - -84. Suppose 2*i - j = 3*j + t, 3*j = -5*i + 207. List the prime factors of i.
3, 13
Suppose 2*q - 3*y - 1699 = -529, -q - y = -